{"id":241,"date":"2025-12-15T15:10:50","date_gmt":"2025-12-15T15:10:50","guid":{"rendered":"http:\/\/imkerei-welter.de\/?post_type=product&#038;p=241"},"modified":"2025-12-15T15:12:17","modified_gmt":"2025-12-15T15:12:17","slug":"fruehtrachthonig-500g","status":"publish","type":"product","link":"http:\/\/imkerei-welter.de\/?product=fruehtrachthonig-500g","title":{"rendered":"Fr\u00fchtrachthonig 500g"},"content":{"rendered":"<p data-start=\"102\" data-end=\"371\">\ud83c\udf6f <strong data-start=\"105\" data-end=\"142\">Fr\u00fchtracht-Honig aus Mehring<\/strong><br data-start=\"142\" data-end=\"145\" \/>Echter Deutscher Imkerhonig aus der Bl\u00fctenvielfalt rund um die Mosel in <strong data-start=\"217\" data-end=\"228\">Mehring<\/strong>. Unsere Bienen sammeln im Fr\u00fchjahr und Fr\u00fchsommer den Nektar zahlreicher Pflanzenarten \u2013 so entsteht ein <strong data-start=\"334\" data-end=\"370\">nat\u00fcrliches, hochwertiges Unikat<\/strong>.<\/p>\n<p data-start=\"373\" data-end=\"607\">\ud83c\udf3c Farbe, Duft und Geschmack variieren je nach Bl\u00fcte und Saison<br data-start=\"436\" data-end=\"439\" \/>\ud83d\udc1d 100 % naturbelassen &amp; schonend verarbeitet (unter 40 \u00b0C)<br data-start=\"498\" data-end=\"501\" \/>\ud83c\udf6f Fl\u00fcssig bei der Ernte, kandiert nat\u00fcrlich mit der Zeit<br data-start=\"558\" data-end=\"561\" \/>DIB-zertifiziert \u2013 Echter Deutscher Honig<\/p>\n<p data-start=\"373\" data-end=\"607\">Vom LMV Rheinland mit Bronze ausgezeichnet.<\/p>\n<p data-start=\"609\" data-end=\"694\">\u2728 Perfekt als Brotaufstrich, zum S\u00fc\u00dfen von Getr\u00e4nken oder zum Verfeinern von Speisen.<\/p>\n","protected":false},"excerpt":{"rendered":"<p>\ud83c\udf6f Fr\u00fchtracht-Honig aus MehringEchter Deutscher Imkerhonig aus der Bl\u00fctenvielfalt rund um die Mosel in Mehring. Unsere Bienen sammeln im Fr\u00fchjahr und Fr\u00fchsommer den Nektar zahlreicher Pflanzenarten \u2013 so entsteht ein nat\u00fcrliches, hochwertiges Unikat. \ud83c\udf3c Farbe, Duft und Geschmack variieren je nach Bl\u00fcte und Saison\ud83d\udc1d 100 % naturbelassen &amp; schonend verarbeitet (unter 40 \u00b0C)\ud83c\udf6f Fl\u00fcssig bei [&hellip;]<\/p>\n","protected":false},"featured_media":242,"comment_status":"open","ping_status":"closed","template":"","meta":[],"product_brand":[23],"product_cat":[21],"product_tag":[],"class_list":{"0":"post-241","1":"product","2":"type-product","3":"status-publish","4":"has-post-thumbnail","6":"product_brand-imkerei-welter","7":"product_cat-imkerei-welter","8":"product_shipping_class-6er-karton-honig","10":"first","11":"instock","12":"shipping-taxable","13":"purchasable","14":"product-type-simple"},"jetpack_sharing_enabled":true,"_links":{"self":[{"href":"http:\/\/imkerei-welter.de\/index.php?rest_route=\/wp\/v2\/product\/241","targetHints":{"allow":["GET"]}}],"collection":[{"href":"http:\/\/imkerei-welter.de\/index.php?rest_route=\/wp\/v2\/product"}],"about":[{"href":"http:\/\/imkerei-welter.de\/index.php?rest_route=\/wp\/v2\/types\/product"}],"replies":[{"embeddable":true,"href":"http:\/\/imkerei-welter.de\/index.php?rest_route=%2Fwp%2Fv2%2Fcomments&post=241"}],"wp:featuredmedia":[{"embeddable":true,"href":"http:\/\/imkerei-welter.de\/index.php?rest_route=\/wp\/v2\/media\/242"}],"wp:attachment":[{"href":"http:\/\/imkerei-welter.de\/index.php?rest_route=%2Fwp%2Fv2%2Fmedia&parent=241"}],"wp:term":[{"taxonomy":"product_brand","embeddable":true,"href":"http:\/\/imkerei-welter.de\/index.php?rest_route=%2Fwp%2Fv2%2Fproduct_brand&post=241"},{"taxonomy":"product_cat","embeddable":true,"href":"http:\/\/imkerei-welter.de\/index.php?rest_route=%2Fwp%2Fv2%2Fproduct_cat&post=241"},{"taxonomy":"product_tag","embeddable":true,"href":"http:\/\/imkerei-welter.de\/index.php?rest_route=%2Fwp%2Fv2%2Fproduct_tag&post=241"}],"curies":[{"name":"wp","href":"https:\/\/api.w.org\/{rel}","templated":true}]}}